 11
10a
3411331 (base 5) to base 6
1142440
Convert 10002 (base 4) to base 3.
100120
What is -9ba0 (base 13) in base 3?
-1002212000
What is -122010101 (base 3) in base 9?
-18111
Convert 11100010000001 (base 2) to base 7.
60113
b35 (base 15) to base 14
cc5
10030 (base 7) to base 6
15114
What is 769 (base 11) in base 13?
55c
What is -43431 (base 8) in base 3?
-220222010
-1a7b (base 12) to base 3
-11110212
Convert -7667 (base 9) to base 2.
-1011000010010
-1e9 (base 16) to base 2
-111101001
30200 (base 4) to base 12
568
-16d (base 14) to base 3
-101212
9d4 (base 16) to base 4
213110
Convert 451 (base 8) to base 10.
297
Convert 445 (base 9) to base 13.
221
What is -103410 (base 5) in base 15?
-1105
-122210222 (base 3) to base 9
-18728
Convert -473 (base 14) to base 4.
-31311
What is 21022010 (base 4) in base 3?
1220110012
-586 (base 9) to base 13
-2b2
-505d (base 14) to base 12
-7ba3
Convert -2300 (base 5) to base 6.
-1301
What is 24b7 (base 13) in base 6?
40100
-2501 (base 6) to base 12
-431
32410 (base 5) to base 14
b54
What is -1441002 (base 5) in base 8?
-74040
What is 221011 (base 3) in base 16?
2a7
-20101 (base 10) to base 2
-100111010000101
What is 12113 (base 7) in base 11?
2400
Convert 6174 (base 8) to base 9.
4341
Convert 2609 (base 10) to base 7.
10415
What is 17192 (base 13) in base 5?
2403403
-7a0 (base 13) to base 16
-521
5617 (base 13) to base 9
17434
600 (base 10) to base 13
372
11e (base 15) to base 6
1102
What is -10111011 (base 2) in base 3?
-20221
83113 (base 9) to base 13
1bc0c
-10113 (base 5) to base 6
-3014
What is -2220011000 (base 3) in base 13?
-1cc14
What is 1a8 (base 12) in base 8?
420
Convert -485 (base 14) to base 7.
-2425
What is -1031332 (base 4) in base 2?
-1001101111110
Convert 140 (base 13) to base 14.
11b
What is -1103 (base 4) in base 14?
-5d
-2058 (base 14) to base 6
-41434
What is -5002 (base 6) in base 14?
-574
Convert -2517 (base 16) to base 9.
-14020
Convert 5661 (base 10) to base 5.
140121
-970 (base 14) to base 4
-131012
Convert 23006 (base 13) to base 7.
353525
What is -11320 (base 5) in base 15?
-3aa
-8755 (base 11) to base 2
-10110100100011
231311 (base 4) to base 5
43213
What is -b358 (base 12) in base 11?
-13725
-22331031 (base 4) to base 9
-67503
What is -22323 (base 5) in base 2?
-11000110100
-16576 (base 8) to base 4
-1311332
What is 719 (base 15) in base 6?
11223
13346 (base 12) to base 10
26406
What is -3344204 (base 5) in base 10?
-59304
Convert 162 (base 12) to base 10.
218
What is b26 (base 14) in base 10?
2190
Convert -34a (base 16) to base 3.
-1011012
1134 (base 6) to base 7
541
What is cc6 (base 14) in base 16?
9de
Convert 101012 (base 5) to base 12.
1a75
What is -15555 (base 6) in base 14?
-d31
What is a70 (base 13) in base 8?
3365
Convert -34304 (base 7) to base 5.
-234401
What is -10044 (base 5) in base 9?
-801
Convert -321 (base 16) to base 15.
-386
1b8 (base 16) to base 12
308
Convert 640 (base 15) to base 5.
21120
What is 24a (base 12) in base 11?
295
What is 160 (base 11) in base 7?
355
Convert -340 (base 11) to base 8.
-627
What is -531 (base 16) in base 13?
-7b3
What is -1545 (base 8) in base 12?
-605
Convert 118b (base 13) to base 15.
b06
What is -bc (base 14) in base 15?
-b1
Convert -269 (base 10) to base 9.
-328
-32e5 (base 15) to base 6
-121542
Convert 221221201 (base 3) to base 8.
44747
3371 (base 9) to base 15
b14
What is -338 (base 10) in base 2?
-101010010
Convert -275 (base 12) to base 13.
-230
Convert -7538 (base 16) to base 11.
-20600
-24344 (base 5) to base 14
-961
What is -120 (base 8) in base 3?
-2222
Convert 28b (base 12) to base 6.
1455
What is -246 (base 15) in base 4?
-20010
What is -1045 (base 6) in base 2?
-11110101
Convert 1062 (base 12) to base 11.
1399
2621 (base 13) to base 4
1110323
2779 (base 14) to base 12
4047
-c8 (base 13) to base 16
-a4
Convert 103 (base 15) to base 5.
1403
What is 33fc (base 16) in base 8?
31774
What is -1111002 (base 3) in base 6?
-5002
What is -12397 (base 11) in base 12?
-a350
Convert -48657 (base 10) to base 15.
-e63c
Convert 202010 (base 3) to base 10.
543
What is 1311 (base 9) in base 2?
1111010110
What is 111 (base 5) in base 16?
1f
a715 (base 15) to base 14
cc49
Convert -8802 (base 13) to base 12.
-ab56
Convert -3a8 (base 15) to base 10.
-833
What is -33401 (base 8) in base 11?
-a641
What is -818b (base 15) in base 10?
-27356
What is 120021202 (base 3) in base 14?
40c0
1145 (base 10) to base 3
1120102
Convert -11330 (base 4) to base 9.
-462
Convert 107b8 (base 15) to base 2.
1100110010010101
22502 (base 9) to base 5
434422
Convert -1a0 (base 16) to base 12.
-2a8
352 (base 6) to base 4
2030
Convert 10212122 (base 3) to base 14.
105b
13411 (base 5) to base 11
916
Convert 111033211 (base 4) to base 12.
42431
What is 204 (base 13) in base 6?
1330
746 (base 8) to base 7
1263
-1224 (base 6) to base 2
-100110000
-433103 (base 5) to base 8
-34672
Convert -7962 (base 11) to base 13.
-49c9
-15213 (base 11) to base 3
-1002120020
-581 (base 12) to base 16
-331
Convert 11111011110101 (base 2) to base 15.
4b97
Convert 7346 (base 12) to base 5.
400312
Convert 52b3 (base 12) to base 11.
689a
What is 538 (base 16) in base 7?
3616
-390b (base 12) to base 10
-6491
Convert 1222101 (base 4) to base 15.
2036
-303203 (base 5) to base 2
-10011001001011
Convert 3232 (base 5) to base 11.
372
What is 308 (base 10) in base 11?
260
Convert -5255 (base 16) to base 6.
-241325
-36320 (base 11) to base 7
-305314
12b (base 12) to base 14
cb
Convert -2201012 (base 3) to base 15.
-8bb
Convert 221210 (base 5) to base 14.
2b28
What is -956 (base 10) in base 12?
-678
What is 160 (base 16) in base 15?
187
5570 (base 14) to base 10
14798
What is 4143 (base 8) in base 13?
c92
What is -3534 (base 7) in base 3?
-1210010
What is 22111 (base 3) in base 9?
274
What is -10000101 (base 2) in base 5?
-1013
What is 1111211 (base 4) in base 3?
21111212
-32 (base 8) to base 2
-11010
What is -4500 (base 8) in base 4?
-211000
What is -2443 (base 13) in base 11?
-393a
-6336 (base 7) to base 11
-174a
What is -25346 (base 12) in base 7?
-300342
-44335 (base 7) to base 16
-2b8d
Convert -2312 (base 12) to base 7.
-14243
21001000 (base 3) to base 5
131010
-10111010011 (base 2) to base 14
-787
Convert 14709 (base 12) to base 5.
1404130
-1570 (base 8) to base 4
-31320
Convert 2220110 (base 3) to base 9.
2813
What is -1011001001111 (base 2) in base 14?
-211d
What is -6192 (base 10) in base 14?
-2384
Convert 10067 (base 8) to base 14.
1727
Convert -4521 (base 6) to base 5.
-13212
What is 269c (base 13) in base 4?
1112201
Convert 20063 (base 7) to base 2.
1001011101111
13303031 (base 4) to base 2
111110011001101
Convert c4 (base 13) to base 3.
12221
Convert 100100000 (base 2) to base 12.
200
Convert 11313 (base 4) to base 10.
375
What is -457 (base 13) in base 5?
-10443
What is 611 (base 8) in base 3?
112120
What is -149 (base 10) in base 11?
-126
What is 5a (base 13) in base 6?
203
What is -10011000100 (base 2) in base 6?
-5352
Convert 4c7 (base 14) to base 15.
43e
Convert 345 (base 7) to base 9.
220
Convert 144320 (base 5) to base 7.
24051
Convert -250600 (base 7) to base 5.
-2432123
What is 400 (base 5) in base 7?
202
What is -2052 (base 6) in base 14?
-252
Convert -14b25 (base 14) to base 6.
-1034445
Convert -4332 (base 11) to base 16.
-165a
Convert -8749 (base 10) to base 16.
-222d
825a (base 16) to base 4
20021122
Convert -102000 (base 5) to base 3.
-11122000
41044 (base 8) to base 2
100001000100100
1221 (base 11) to base 9
2163
Convert 3212020 (base 4) to base 5.
432403
What is -3732 (base 11) in base 2?
-1001100001011
What is 255 (base 15) in base 11?
442
What is -106 (base 11) in base 2?
-1111111
What is -15252 (base 7) in base 13?
-1c20
112200 (base 5) to base 4
333102
Convert 212122 (base 3) to base 2.
1001111110
Convert 5e (base 15) to base 2.
1011001
What is -100212 (base 4) in base 11?
-886
Convert -3961 (base 11) to base 3.
-21001201
What is -798 (base 13) in base 16?
-51c
Convert 3463 (base 7) to base 3.
1202001
-5630 (base 15) to base 3
-221001200
Convert -11000110100011 (base 2) to base 9.
-18378
What is 183 (base 16) in base 9?
470
Convert -2022122 (base 3) to base 13.
-a01
Convert -6243 (base 9) to base 11.
-348a
What is 22155 (base 7) in base 4?
1113021
Convert -302